est common divisor of 1678534 and 2002.
286
Calculate the highest common factor of 193386 and 38076.
1002
Calculate the greatest common divisor of 197005 and 69495.
205
Calculate the greatest common factor of 92 and 25865018.
46
Calculate the greatest common divisor of 395 and 669089868.
79
Calculate the highest common factor of 68388 and 762276.
1668
What is the greatest common factor of 43285 and 212465?
55
Calculate the greatest common divisor of 57 and 21675352.
19
Calculate the greatest common factor of 25924458 and 126.
42
What is the highest common factor of 43681 and 33?
11
Calculate the greatest common factor of 8 and 81969618.
2
What is the greatest common divisor of 50662688 and 704?
32
Calculate the greatest common divisor of 208 and 31413616.
208
What is the greatest common factor of 221536 and 1509536?
5152
What is the greatest common divisor of 1860 and 63264?
12
What is the highest common divisor of 118721306 and 4336?
542
Calculate the greatest common divisor of 88255288 and 14762.
1342
What is the greatest common factor of 2495 and 924175944?
499
Calculate the greatest common factor of 1391 and 17801162.
107
Calculate the greatest common factor of 60 and 9621285.
15
Calculate the highest common divisor of 7867218 and 2.
2
Calculate the greatest common factor of 2217852 and 5148.
468
Calculate the highest common divisor of 12225 and 10455309.
489
What is the greatest common divisor of 803 and 2088136457?
803
Calculate the greatest common divisor of 936144 and 717277.
2167
Calculate the highest common divisor of 544166 and 4677722.
658
Calculate the greatest common factor of 39506 and 18.
2
What is the highest common divisor of 16573052 and 20712?
3452
What is the greatest common factor of 23375376 and 108?
36
Calculate the highest common divisor of 39170 and 7295.
5
Calculate the highest common factor of 63 and 104772605.
7
What is the greatest common divisor of 636 and 5705328?
12
What is the greatest common divisor of 4191970 and 76?
38
What is the greatest common factor of 27897991 and 11?
11
What is the greatest common factor of 129844 and 16159?
143
What is the greatest common divisor of 360 and 386680680?
360
What is the highest common factor of 75 and 255760755?
15
Calculate the greatest common divisor of 945 and 1068780.
15
What is the greatest common factor of 15618 and 669408?
114
Calculate the highest common factor of 13 and 1315320149.
13
Calculate the greatest common factor of 2338434 and 2709.
63
What is the greatest common divisor of 380 and 2313720?
20
What is the greatest common factor of 9039 and 8571?
3
Calculate the greatest common factor of 20802220 and 1770.
590
What is the highest common factor of 745637 and 59432?
391
What is the highest common factor of 14841719 and 2519?
229
What is the highest common factor of 34666058 and 900830?
10598
Calculate the greatest common divisor of 1285961 and 178.
89
Calculate the greatest common factor of 2826 and 1598616.
18
Calculate the highest common factor of 9096 and 45399273.
1137
Calculate the greatest common factor of 10020885 and 1425.
285
What is the greatest common factor of 285095 and 325?
5
Calculate the greatest common factor of 564 and 12420220.
188
What is the highest common divisor of 30562 and 97088?
74
What is the greatest common divisor of 655193290 and 3880?
970
Calculate the greatest common factor of 229828668 and 186.
186
Calculate the highest common factor of 1067142 and 1740.
174
What is the highest common divisor of 144 and 11516355?
9
What is the greatest common factor of 68 and 13586230?
34
What is the highest common factor of 170009964 and 72?
36
What is the highest common divisor of 289 and 2074?
17
Calculate the greatest common factor of 1696282071 and 18546.
9273
What is the greatest common divisor of 126 and 105404103?
63
Calculate the greatest common factor of 182270 and 15070.
110
What is the highest common factor of 109219743 and 13935?
2787
Calculate the greatest common factor of 26780841 and 27.
27
Calculate the greatest common factor of 54806887 and 38.
19
What is the greatest common factor of 6546 and 64136617?
1091
What is the greatest common divisor of 8086 and 1921842?
26
What is the highest common divisor of 76206720 and 2850?
570
Calculate the greatest common factor of 105 and 38227245.
105
Calculate the highest common factor of 1602 and 118100508.
534
Calculate the greatest common factor of 1051 and 25171.
1
Calculate the greatest common factor of 1360334717 and 49.
49
Calculate the highest common factor of 4320 and 16436060.
20
What is the greatest common factor of 2715298 and 1593?
59
Calculate the highest common factor of 130 and 238030.
130
What is the highest common divisor of 34944 and 89822928?
624
What is the greatest common divisor of 5455269 and 1998?
27
What is the greatest common divisor of 1575212 and 9850?
394
Calculate the greatest common divisor of 8037 and 299592.
171
Calculate the greatest common factor of 58395365 and 11775.
785
Calculate the greatest common factor of 27972685 and 390.
65
What is the highest common divisor of 1548 and 24295086?
774
What is the highest common divisor of 153915960 and 4?
4
What is the highest common factor of 41624 and 604064?
344
Calculate the greatest common divisor of 940 and 38619148.
188
Calculate the highest common factor of 42651 and 168273.
63
What is the highest common factor of 75 and 15189429?
3
What is the highest common factor of 5199 and 6877673916?
5199
What is the highest common divisor of 186 and 675804?
6
What is the highest common factor of 216799 and 143?
11
Calculate the highest common factor of 1280 and 1077892.
4
Calculate the greatest common divisor of 341 and 1708036.
11
What is the greatest common divisor of 5 and 7204630?
5
Calculate the greatest common factor of 259449 and 50629.
197
What is the greatest common factor of 29839152 and 32?
16
What is the highest common factor of 864 and 2757728?
32
Calculate the greatest common factor of 66078796 and 5950.
238
What is the greatest common divisor of 4896 and 43887132?
612
Calculate the greatest common factor of 1080 and 223000560.
1080
What is the greatest common factor of 29722 and 6755000?
2702
Calculate the greatest common factor of 20460881 and 98.
49
What is the greatest common factor of 17874 and 41924129?
331
What is the highest common factor of 152 and 2238460?
4
What is the greatest common divisor of 2403367 and 57?
19
Calculate the greatest common divisor of 3973 and 124259.
137
What is the greatest common factor of 15479000 and 2070?
230
Calculate the highest common divisor of 40475353 and 1.
1
Calculate the highest common divisor of 4345 and 4539103.
79
Calculate the greatest common factor of 652790 and 84.
2
What is the highest common divisor of 798286 and 30634?
1802
Calculate the highest common factor of 6673557 and 3311.
473
What is the greatest common factor of 262943 and 56057?
29
Calculate the highest common divisor of 492 and 10659.
3
Calculate the highest common divisor of 125422693 and 159049.
8371
What is the highest common factor of 41070 and 130539626?
2738
What is the highest common divisor of 1346 and 20493523?
673
Calculate the highest common factor of 55 and 38745190.
55
Calculate the greatest common divisor of 8748 and 5988816.
324
Calculate the highest common divisor of 1797565 and 207350.
1595
Calculate the highest common divisor of 644558345 and 2155.
2155
Calculate the greatest common factor of 1410 and 107524110.
30
Calculate the highest common factor of 76 and 16277452.
76
What is the greatest common divisor of 12407363 and 5165?
1033
Calculate the greatest common divisor of 57550976 and 11648.
896
What is the highest common factor of 1124 and 831829126?
562
Calculate the highest common factor of 455 and 308958.
13
What is the highest common divisor of 495210 and 3060?
510
Calculate the highest common divisor of 34337562 and 1281.
21
Calculate the greatest common divisor of 39 and 31018.
13
What is the greatest common factor of 215 and 144753007?
43
What is the highest common factor of 3920 and 8093330?
490
Calculate the greatest common factor of 7499 and 1511.
1
What is the highest common factor of 669360 and 660?
60
What is the highest common factor of 714 